and 636922?
442
What is the highest common divisor of 124352 and 464?
464
What is the highest common divisor of 587392 and 2118?
706
What is the highest common divisor of 63894 and 92?
46
Calculate the greatest common factor of 14 and 73003.
7
Calculate the greatest common divisor of 194915 and 14.
7
Calculate the highest common factor of 376 and 732166.
94
Calculate the highest common divisor of 77574 and 11886.
42
What is the highest common factor of 2987090 and 10?
10
Calculate the greatest common divisor of 494228 and 532.
532
What is the greatest common divisor of 1001269 and 31?
31
What is the greatest common divisor of 57885 and 20400?
255
Calculate the greatest common factor of 15 and 495555.
15
Calculate the greatest common divisor of 2450 and 882.
98
What is the highest common factor of 185 and 2251?
1
Calculate the highest common divisor of 418 and 893.
19
Calculate the highest common divisor of 969 and 15846.
57
What is the greatest common factor of 1026 and 7290?
54
What is the greatest common divisor of 105396 and 12?
12
What is the greatest common factor of 38445 and 22?
11
Calculate the highest common divisor of 780845 and 1599.
533
What is the highest common factor of 536 and 3464?
8
What is the highest common divisor of 247 and 1547?
13
What is the highest common divisor of 964030 and 4?
2
What is the highest common divisor of 75 and 67476?
3
Calculate the greatest common divisor of 79387 and 77.
77
What is the greatest common factor of 92452 and 348?
116
Calculate the highest common divisor of 105602 and 35.
7
Calculate the highest common factor of 56 and 4795406.
14
What is the greatest common factor of 23664 and 18?
6
What is the greatest common factor of 200 and 10900?
100
What is the highest common divisor of 1333140 and 2550?
510
What is the highest common factor of 91325 and 13?
13
What is the greatest common factor of 1146 and 1266?
6
What is the highest common factor of 1002 and 5860698?
1002
What is the greatest common factor of 88026 and 18?
6
Calculate the greatest common factor of 600 and 321216.
24
Calculate the highest common divisor of 17 and 23324.
17
What is the highest common factor of 49473 and 294687?
2151
What is the highest common divisor of 24393492 and 228?
228
Calculate the greatest common divisor of 61 and 58.
1
What is the highest common factor of 59860 and 60?
20
Calculate the highest common divisor of 708 and 885.
177
What is the highest common factor of 358991 and 29?
29
What is the greatest common factor of 112499 and 380?
19
Calculate the highest common divisor of 6764 and 22.
2
Calculate the greatest common factor of 32312 and 224.
56
What is the greatest common divisor of 79735 and 370?
185
Calculate the highest common divisor of 9435606 and 166.
166
Calculate the highest common divisor of 21 and 4424.
7
Calculate the highest common divisor of 190 and 3595.
5
Calculate the greatest common factor of 346969 and 14938.
679
Calculate the highest common divisor of 33978 and 294.
42
What is the greatest common factor of 7619 and 32281?
19
What is the greatest common factor of 5620 and 740?
20
Calculate the greatest common factor of 5590738 and 661.
661
What is the greatest common factor of 2627868 and 84?
12
Calculate the highest common factor of 9891 and 1281.
21
Calculate the greatest common factor of 570 and 102030.
570
What is the highest common divisor of 2950 and 78470?
590
Calculate the greatest common factor of 275992 and 8.
8
Calculate the greatest common divisor of 96640 and 192.
64
What is the highest common factor of 9 and 737370?
9
What is the highest common factor of 5720 and 249964?
572
Calculate the highest common factor of 175874 and 94.
94
What is the highest common divisor of 462 and 7294?
14
Calculate the greatest common factor of 325 and 136968.
13
Calculate the highest common factor of 46655 and 775.
155
What is the highest common divisor of 5796 and 43596?
252
What is the highest common factor of 614250 and 27495?
585
Calculate the highest common factor of 4281 and 21.
3
Calculate the highest common factor of 684717 and 33.
33
What is the greatest common divisor of 14 and 744086?
14
What is the greatest common divisor of 2046 and 1122?
66
Calculate the highest common factor of 3568395 and 2042.
1021
What is the highest common factor of 730 and 166732?
146
Calculate the greatest common divisor of 62914 and 33034.
166
Calculate the highest common factor of 1995 and 14136.
57
What is the highest common factor of 528 and 17820?
132
Calculate the greatest common factor of 2776 and 72.
8
What is the highest common factor of 13 and 796939?
13
Calculate the highest common factor of 130335 and 5.
5
Calculate the greatest common divisor of 354960 and 174.
174
What is the highest common divisor of 21209 and 3?
1
What is the highest common factor of 2370 and 537200?
790
Calculate the highest common factor of 16791 and 26634.
579
What is the highest common factor of 310 and 24460?
10
What is the greatest common divisor of 43 and 35002?
43
What is the highest common factor of 33 and 301246?
11
What is the highest common divisor of 211121 and 183?
61
Calculate the highest common divisor of 640 and 304160.
160
Calculate the greatest common factor of 1392 and 2465.
29
What is the highest common factor of 1447858 and 778?
778
Calculate the greatest common factor of 21 and 1351.
7
What is the highest common factor of 4190017 and 169?
169
What is the greatest common factor of 55497 and 1560?
39
What is the greatest common factor of 99698 and 158?
158
What is the highest common divisor of 10246 and 64437?
47
Calculate the greatest common divisor of 3232 and 24442.
202
Calculate the greatest common factor of 152 and 4102936.
152
Calculate the highest common divisor of 956977 and 21.
7
What is the highest common divisor of 2624 and 1763?
41
Calculate the highest common divisor of 16500 and 21340.
220
Calculate the greatest common divisor of 28 and 209538.
14
Calculate the greatest common factor of 106 and 435607.
53
What is the greatest common divisor of 77409 and 311283?
1647
Calculate the greatest common factor of 1452 and 12408.
132
Calculate the greatest common divisor of 385 and 10955.
35
What is the greatest common divisor of 937200 and 225?
75
What is the highest common divisor of 8096 and 14927?
253
Calculate the greatest common factor of 4750 and 4978.
38
What is the highest common divisor of 40051 and 10261?
331
Calculate the greatest common factor of 665 and 3287095.
665
What is the highest common factor of 56210 and 1155?
385
What is the highest common divisor of 12025 and 5735?
185
What is the greatest common factor of 2324 and 11256?
28
What is the greatest common factor of 364 and 23212?
28
Calculate the greatest common factor of 558 and 149389.
31
Calculate the greatest common divisor of 1029 and 34503.
21
Calculate the greatest common divisor of 24628 and 36.
4
What is the greatest common factor of 4563 and 171028?
169
What is the highest common factor of 3816 and 9222?
318
What is the highest common factor of 345 and 2524227?
69
Calculate the greatest common factor of 6027 and 779.
41
Calculate the greatest common factor of 48222 and 6.
6
What is the highest common factor of 151809 and 105?
21
What is the greatest common divisor of 4368 and 546?
546
Calculate the greatest common divisor of 5598 and 90.
18
What is the greatest common divisor of 611 and 1391?
13
What is the highest common divisor of 1332 and 1184?
148
Calculate the highest common factor of 170 and 393465.
85
What is the greatest common divisor of 1251 and 1211107?
139
Calculate the highest common factor of 465489 and 63.
9
Calculate the greatest common factor of 2220 and 76020.
60
Calculate the highest common factor of 6 and 414636.
6
Calculate the highest common factor of 14 and 3598.
14
What is the highest common factor of 12095 and 5425817?
2419
Calculate the highest common factor of 1136 and 108772.
284
Calculate the highest common factor of 1450701 and 9.
9
Calculate the greatest common factor of 599 and 373.
1
What is the greatest common divisor of 270 and 2574060?
30
What is the greatest common factor of 4485 and 780?
195
Calculate the highest common factor of 3 and 119191.
1
What is the greatest common